{"id":5,"date":"2020-12-26T12:10:12","date_gmt":"2020-12-26T12:10:12","guid":{"rendered":"https:\/\/ecem.edu.ar\/sitio\/one-page-express\/"},"modified":"2026-03-06T21:49:16","modified_gmt":"2026-03-07T00:49:16","slug":"inicio","status":"publish","type":"page","link":"https:\/\/ecem.edu.ar\/sitio\/","title":{"rendered":"Inicio"},"content":{"rendered":"<div  data-label=\"Overlapable\" data-id=\"stripped-coloured-icon-boxes\" data-category=\"overlapable\" class=\"features-coloured-icon-boxes-section stripped-coloured-icon-boxes\" data-overlap=\"true\" id=\"overlapable-2\" style=\"background-color: rgb(255, 255, 255);\"> <div  class=\"gridContainer\"> <div  class=\"features-coloured-icon-boxes-innerrow flexbox-list dark-text\" data-type=\"row\"> <div  class=\"features-coloured-icon-boxes-featurecol cp3cols\"> <div  class=\"features-coloured-icon-boxes-iconcontainer\" data-content-item-container=\"true\"> <i  data-cp-fa=\"true\" class=\"features-coloured-icon fa fa-paper-plane-o\"><\/i> <\/div> <h4  class=\"\">Aula Virtual\n<br >Nivel Inicial y<br >Primaria<\/h4> <p  class=\"\">Usamos los recursos digitales para acompa\u00f1ar el crecimiento de los alumnos.<\/p> <a  class=\"features-coloured-button\" href=\"https:\/\/ecem.edu.ar\/primaria\" target=\"_blank\" rel=\"noopener\">acceder<\/a> <\/div>   <div  class=\"features-coloured-icon-boxes-featurecol cp3cols\"> <div  class=\"features-coloured-icon-boxes-iconcontainer\" data-content-item-container=\"true\"> <i  data-cp-fa=\"true\" class=\"features-coloured-icon fa fa-users\"><\/i> <\/div> <h4  class=\"\">Aula Virtual\n<br >Secundaria\n<\/h4> <p  class=\"\">Desde la plataforma digital complementamos la ense\u00f1anza de los m\u00e1s grandes.<\/p> <a  class=\"features-coloured-button\" href=\"https:\/\/ecem.edu.ar\/aula\" target=\"_blank\" rel=\"noopener\">acceder<\/a> <\/div> <\/div> <\/div><\/div><div  id=\"nosotros\" class=\"about-big-images-section\" style=\"background-color: #f6f6f6;\" data-label=\"Nosotros\" data-id=\"about-big-images-section\" data-category=\"about\">\n<div  class=\"gridContainer\">\n<div  class=\"about-big-images-textrow\">\n<div  class=\"about-big-images-textcol dynamic-color\" data-type=\"column\">\n<h5  class=\"\">Escuela ECEM<\/h5>\n<h3  class=\"\">Por un sue\u00f1o <span  class=\"span25\">comienzan <\/span>los grandes emprendimientos<\/h3>\n<p  class=\"\">Durante la d\u00e9cada del 70, motivado por la obra educativa cristiana, que se empezaba a realizar, el pastor Juan Hofkamp comenz\u00f3 a so\u00f1ar con la posibilidad de establecer una escuela primaria en la ciudad de Mendoza, con la intenci\u00f3n de brindar a la ni\u00f1ez una excelente capacitaci\u00f3n intelectual y principios b\u00edblicos para la formaci\u00f3n espiritual y moral.\nSue\u00f1o que se concret\u00f3 en el a\u00f1o 1986 con el inicio del \u00abJard\u00edn Copito\u00bb y en 1990 se pudo inicial en nivel primario\u2026.<\/p>\n<a  class=\"button blue big\" href=\"https:\/\/ecem.edu.ar\/sitio\/inicio\/nuestra-historia\" target=\"_self\" rel=\"noopener\">Continuar leyendo<\/a>\n\n<\/div>\n<\/div>\n<\/div>\n<div  class=\"about-big-images-bottomrow gridContainer\">\n<div  class=\"about-big-images-leftimgcol\"><img decoding=\"async\"  class=\"about-big-images-leftimg\" src=\"https:\/\/ecem.edu.ar\/sitio\/wp-content\/uploads\/2021\/01\/jardin_sillas_50.jpg\" alt=\"\"><\/div>\n<div  class=\"about-big-images-centerimgcol\"><img decoding=\"async\"  class=\"about-big-images-centerimg\" src=\"https:\/\/ecem.edu.ar\/sitio\/wp-content\/uploads\/2021\/01\/secundaria_utiles.jpg\" alt=\"\"><\/div>\n<div  class=\"about-big-images-rightimgcol\"><img decoding=\"async\"  class=\"about-big-images-rightimg\" src=\"https:\/\/ecem.edu.ar\/sitio\/wp-content\/uploads\/2021\/01\/primaria_mochila_600x400.jpg\" alt=\"\"><\/div>\n<\/div>\n<\/div><div  id=\"nivel-inicial\" class=\"content-left-image-section\" style=\"background-color: #ffffff;\" data-label=\"Nivel Inicial\" data-id=\"content-image-left\" data-category=\"content\">\n<div  class=\"gridContainer\">\n<div  class=\"row\">\n<div  class=\"content-left-image-imgcol\" data-type=\"column\"><img decoding=\"async\"  class=\"\" src=\"https:\/\/ecem.edu.ar\/sitio\/wp-content\/uploads\/2021\/01\/jardin_sillas_50.jpg\" alt=\"\"><\/div>\n<div  class=\"content-left-image-textcol dynamic-color\" data-type=\"column\">\n<h2  class=\"\">Nivel Inicial<\/h2>\n<p  class=\"large_text\">Jard\u00edn Copito.\n\nSala de 4 y 5 a\u00f1os, donde los ni\u00f1os inician la aventura de aprender, divertirse, jugar y crecer.<\/p>\n<a  class=\"button blue\" href=\"https:\/\/ecem.edu.ar\/sitio\/nivel-inicial\" target=\"_self\" rel=\"noopener\"> + INFO <\/a>\n\n<\/div>\n<\/div>\n<\/div>\n<\/div><div  id=\"primaria\" class=\"content-right-image-section\" style=\"background-color: #f6f6f6;\" data-label=\"Primaria\" data-id=\"content-image-right\" data-category=\"content\">\n<div  class=\"gridContainer\">\n<div  class=\"content-right-image-gridcol\">\n<div  class=\"content-right-image-textcol dynamic-color\" data-type=\"column\">\n<h2  class=\"\">Nivel Primario<\/h2>\n<p  class=\"large_text\">De primer grado a s\u00e9ptimo.\n\nBrindamos un espacio de confianza y amor, para que los alumnos puedan dar pasos seguros de crecimiento.<\/p>\n<a  class=\"button blue\" href=\"https:\/\/ecem.edu.ar\/sitio\/primaria\" target=\"_self\" rel=\"noopener\"> + Info <\/a>\n\n<\/div>\n<div  class=\"content-right-image-imgcol\" data-type=\"column\"><img decoding=\"async\"  class=\"\" src=\"https:\/\/ecem.edu.ar\/sitio\/wp-content\/uploads\/2021\/01\/primaria_mochila_600x400.jpg\" alt=\"\"><\/div>\n<\/div>\n<\/div>\n<\/div><div  id=\"secundaria\" class=\"about-four-boxes-section\" style=\"background-color: #f6f6f6;\" data-label=\"Secundaria\" data-id=\"about-four-boxes-section\" data-category=\"about\">\n<div  class=\"gridContainer\">\n<div  class=\"about-four-boxes-innerrow flexbox-list\">\n<div  class=\"about-four-boxes-imgcol\" style=\"background-image: url('https:\/\/ecem.edu.ar\/sitio\/wp-content\/uploads\/2021\/01\/secundaria_utiles.jpg');\" data-bg=\"image\"><\/div>\n<div  class=\"about-four-boxes-textcol\" data-type=\"column\">\n<h6  class=\"\">Bachiller en Ciencias Naturales<\/h6>\n<h2  class=\"\">Nivel Secundario<\/h2>\n<p  class=\"\">Bachiller en Ciencias Naturales.\n\nLa cultura cient\u00edfica debe estar al alcance de todos, ya que desde el origen de los tiempos, la humanidad se interesa en la comprensi\u00f3n de hechos y fen\u00f3menos de la naturaleza, plante\u00e1ndose interrogantes que pretende analizar y responder desde las Ciencias Naturales.<\/p>\n<a  class=\"button blue\" href=\"http:\/\/www.mendoza.edu.ar\/wp-content\/uploads\/2016\/02\/DCP-SECUNDARIO-BACHILLER-EN-CCIAS-NATURALES.pdf\" target=\"_blank\" rel=\"noopener\">Leer m\u00e1s<\/a>\n\n<\/div>\n<div  class=\"about-four-boxes-textcol\" data-type=\"column\">\n\n\n<p  class=\"\">Nos dedicamos a formar a los alumnos para que aprendan a desenvolverse en la sociedad actual, a depender y obtener su significancia en Dios.<\/p>\n<a  class=\"button blue\" href=\"https:\/\/ecem.edu.ar\/sitio\/secundaria\" target=\"_self\" rel=\"noopener\">+ Info<\/a>\n\n<\/div>\n<div  class=\"about-four-boxes-imgcol2\" style=\"background-image: url('https:\/\/ecem.edu.ar\/sitio\/wp-content\/uploads\/2021\/01\/secundaria_nina-con-notebook_640x420.jpg');\" data-bg=\"image\"><\/div>\n<\/div>\n<\/div>\n<\/div><div  id=\"numbers\" class=\"numbers-section\" data-label=\"Numbers\" data-id=\"numbers-section\" data-category=\"numbers\" data-bg=\"transparent\" data-parallax-depth=\"20\" style=\"background-image: url(&quot;https:\/\/ecem.edu.ar\/sitio\/wp-content\/uploads\/2021\/01\/lapices_1700x800.jpg&quot;); background-size: auto 657px; background-repeat: no-repeat; background-position: center top 91.0043%;\">\n<div  class=\"gridContainer dynamic-color\">\n<div  class=\"numbers-itemcol\">\n<h2  class=\"numbers-numbertext\">+30<\/h2>\n<h3  class=\"numbers-titletext\">A\u00d1OS FORMANDO<\/h3>\n<\/div>\n<div  class=\"numbers-itemcol\">\n<h2  class=\"numbers-numbertext\">75340<\/h2>\n<h3  class=\"numbers-titletext\">HORAS TRABAJADAS<\/h3>\n<\/div>\n<div  class=\"numbers-itemcol-last\">\n<h2  class=\"numbers-numbertext\">+25<\/h2>\n<h3  class=\"numbers-titletext\">MAESTROS<\/h3>\n<\/div>\n<\/div>\n<\/div>","protected":false},"excerpt":{"rendered":"<p>Aula Virtual Nivel Inicial yPrimaria Usamos los recursos digitales para acompa\u00f1ar el crecimiento de los alumnos. acceder Aula Virtual Secundaria Desde la plataforma digital complementamos la ense\u00f1anza de los m\u00e1s grandes. acceder Escuela ECEM Por un sue\u00f1o comienzan los grandes emprendimientos Durante la d\u00e9cada del 70, motivado por la obra educativa cristiana, que se empezaba&hellip; <br \/> <a class=\"button small blue\" href=\"https:\/\/ecem.edu.ar\/sitio\/2020\/12\/25\/hola-mundo\/\">Leer m\u00e1s<\/a><\/p>\n","protected":false},"author":1,"featured_media":0,"parent":0,"menu_order":0,"comment_status":"closed","ping_status":"closed","template":"","meta":{"footnotes":""},"class_list":["post-5","page","type-page","status-publish","hentry"],"_links":{"self":[{"href":"https:\/\/ecem.edu.ar\/sitio\/wp-json\/wp\/v2\/pages\/5","targetHints":{"allow":["GET"]}}],"collection":[{"href":"https:\/\/ecem.edu.ar\/sitio\/wp-json\/wp\/v2\/pages"}],"about":[{"href":"https:\/\/ecem.edu.ar\/sitio\/wp-json\/wp\/v2\/types\/page"}],"author":[{"embeddable":true,"href":"https:\/\/ecem.edu.ar\/sitio\/wp-json\/wp\/v2\/users\/1"}],"replies":[{"embeddable":true,"href":"https:\/\/ecem.edu.ar\/sitio\/wp-json\/wp\/v2\/comments?post=5"}],"version-history":[{"count":25,"href":"https:\/\/ecem.edu.ar\/sitio\/wp-json\/wp\/v2\/pages\/5\/revisions"}],"predecessor-version":[{"id":243,"href":"https:\/\/ecem.edu.ar\/sitio\/wp-json\/wp\/v2\/pages\/5\/revisions\/243"}],"wp:attachment":[{"href":"https:\/\/ecem.edu.ar\/sitio\/wp-json\/wp\/v2\/media?parent=5"}],"curies":[{"name":"wp","href":"https:\/\/api.w.org\/{rel}","templated":true}]}}

<div  data-label="Overlapable" data-id="stripped-coloured-icon-boxes" data-category="overlapable" class="features-coloured-icon-boxes-section stripped-coloured-icon-boxes" data-overlap="true" id="overlapable-2" style="background-color: rgb(255, 255, 255);"> <div  class="gridContainer"> <div  class="features-coloured-icon-boxes-innerrow flexbox-list dark-text" data-type="row"> <div  class="features-coloured-icon-boxes-featurecol cp3cols"> <div  class="features-coloured-icon-boxes-iconcontainer" data-content-item-container="true"> <i  data-cp-fa="true" class="features-coloured-icon fa fa-paper-plane-o"></i> </div> <h4  class="">Aula Virtual
<br >Nivel Inicial y<br >Primaria</h4> <p  class="">Usamos los recursos digitales para acompañar el crecimiento de los alumnos.</p> <a  class="features-coloured-button" href="https://ecem.edu.ar/primaria" target="_blank" rel="noopener">acceder</a> </div>   <div  class="features-coloured-icon-boxes-featurecol cp3cols"> <div  class="features-coloured-icon-boxes-iconcontainer" data-content-item-container="true"> <i  data-cp-fa="true" class="features-coloured-icon fa fa-users"></i> </div> <h4  class="">Aula Virtual
<br >Secundaria
</h4> <p  class="">Desde la plataforma digital complementamos la enseñanza de los más grandes.</p> <a  class="features-coloured-button" href="https://ecem.edu.ar/aula" target="_blank" rel="noopener">acceder</a> </div> </div> </div></div><div  id="nosotros" class="about-big-images-section" style="background-color: #f6f6f6;" data-label="Nosotros" data-id="about-big-images-section" data-category="about">
<div  class="gridContainer">
<div  class="about-big-images-textrow">
<div  class="about-big-images-textcol dynamic-color" data-type="column">
<h5  class="">Escuela ECEM</h5>
<h3  class="">Por un sueño <span  class="span25">comienzan </span>los grandes emprendimientos</h3>
<p  class="">Durante la década del 70, motivado por la obra educativa cristiana, que se empezaba a realizar, el pastor Juan Hofkamp comenzó a soñar con la posibilidad de establecer una escuela primaria en la ciudad de Mendoza, con la intención de brindar a la niñez una excelente capacitación intelectual y principios bíblicos para la formación espiritual y moral.
Sueño que se concretó en el año 1986 con el inicio del «Jardín Copito» y en 1990 se pudo inicial en nivel primario….</p>
<a  class="button blue big" href="https://ecem.edu.ar/sitio/inicio/nuestra-historia" target="_self" rel="noopener">Continuar leyendo</a>

</div>
</div>
</div>
<div  class="about-big-images-bottomrow gridContainer">
<div  class="about-big-images-leftimgcol"><img decoding="async"  class="about-big-images-leftimg" src="https://ecem.edu.ar/sitio/wp-content/uploads/2021/01/jardin_sillas_50.jpg" alt=""></div>
<div  class="about-big-images-centerimgcol"><img decoding="async"  class="about-big-images-centerimg" src="https://ecem.edu.ar/sitio/wp-content/uploads/2021/01/secundaria_utiles.jpg" alt=""></div>
<div  class="about-big-images-rightimgcol"><img decoding="async"  class="about-big-images-rightimg" src="https://ecem.edu.ar/sitio/wp-content/uploads/2021/01/primaria_mochila_600x400.jpg" alt=""></div>
</div>
</div><div  id="nivel-inicial" class="content-left-image-section" style="background-color: #ffffff;" data-label="Nivel Inicial" data-id="content-image-left" data-category="content">
<div  class="gridContainer">
<div  class="row">
<div  class="content-left-image-imgcol" data-type="column"><img decoding="async"  class="" src="https://ecem.edu.ar/sitio/wp-content/uploads/2021/01/jardin_sillas_50.jpg" alt=""></div>
<div  class="content-left-image-textcol dynamic-color" data-type="column">
<h2  class="">Nivel Inicial</h2>
<p  class="large_text">Jardín Copito.

Sala de 4 y 5 años, donde los niños inician la aventura de aprender, divertirse, jugar y crecer.</p>
<a  class="button blue" href="https://ecem.edu.ar/sitio/nivel-inicial" target="_self" rel="noopener"> + INFO </a>

</div>
</div>
</div>
</div><div  id="primaria" class="content-right-image-section" style="background-color: #f6f6f6;" data-label="Primaria" data-id="content-image-right" data-category="content">
<div  class="gridContainer">
<div  class="content-right-image-gridcol">
<div  class="content-right-image-textcol dynamic-color" data-type="column">
<h2  class="">Nivel Primario</h2>
<p  class="large_text">De primer grado a séptimo.

Brindamos un espacio de confianza y amor, para que los alumnos puedan dar pasos seguros de crecimiento.</p>
<a  class="button blue" href="https://ecem.edu.ar/sitio/primaria" target="_self" rel="noopener"> + Info </a>

</div>
<div  class="content-right-image-imgcol" data-type="column"><img decoding="async"  class="" src="https://ecem.edu.ar/sitio/wp-content/uploads/2021/01/primaria_mochila_600x400.jpg" alt=""></div>
</div>
</div>
</div><div  id="secundaria" class="about-four-boxes-section" style="background-color: #f6f6f6;" data-label="Secundaria" data-id="about-four-boxes-section" data-category="about">
<div  class="gridContainer">
<div  class="about-four-boxes-innerrow flexbox-list">
<div  class="about-four-boxes-imgcol" style="background-image: url('https://ecem.edu.ar/sitio/wp-content/uploads/2021/01/secundaria_utiles.jpg');" data-bg="image"></div>
<div  class="about-four-boxes-textcol" data-type="column">
<h6  class="">Bachiller en Ciencias Naturales</h6>
<h2  class="">Nivel Secundario</h2>
<p  class="">Bachiller en Ciencias Naturales.

La cultura científica debe estar al alcance de todos, ya que desde el origen de los tiempos, la humanidad se interesa en la comprensión de hechos y fenómenos de la naturaleza, planteándose interrogantes que pretende analizar y responder desde las Ciencias Naturales.</p>
<a  class="button blue" href="http://www.mendoza.edu.ar/wp-content/uploads/2016/02/DCP-SECUNDARIO-BACHILLER-EN-CCIAS-NATURALES.pdf" target="_blank" rel="noopener">Leer más</a>

</div>
<div  class="about-four-boxes-textcol" data-type="column">


<p  class="">Nos dedicamos a formar a los alumnos para que aprendan a desenvolverse en la sociedad actual, a depender y obtener su significancia en Dios.</p>
<a  class="button blue" href="https://ecem.edu.ar/sitio/secundaria" target="_self" rel="noopener">+ Info</a>

</div>
<div  class="about-four-boxes-imgcol2" style="background-image: url('https://ecem.edu.ar/sitio/wp-content/uploads/2021/01/secundaria_nina-con-notebook_640x420.jpg');" data-bg="image"></div>
</div>
</div>
</div><div  id="numbers" class="numbers-section" data-label="Numbers" data-id="numbers-section" data-category="numbers" data-bg="transparent" data-parallax-depth="20" style="background-image: url(&quot;https://ecem.edu.ar/sitio/wp-content/uploads/2021/01/lapices_1700x800.jpg&quot;); background-size: auto 657px; background-repeat: no-repeat; background-position: center top 91.0043%;">
<div  class="gridContainer dynamic-color">
<div  class="numbers-itemcol">
<h2  class="numbers-numbertext">+30</h2>
<h3  class="numbers-titletext">AÑOS FORMANDO</h3>
</div>
<div  class="numbers-itemcol">
<h2  class="numbers-numbertext">75340</h2>
<h3  class="numbers-titletext">HORAS TRABAJADAS</h3>
</div>
<div  class="numbers-itemcol-last">
<h2  class="numbers-numbertext">+25</h2>
<h3  class="numbers-titletext">MAESTROS</h3>
</div>
</div>
</div>

<p>Aula Virtual Nivel Inicial yPrimaria Usamos los recursos digitales para acompañar el crecimiento de los alumnos. acceder Aula Virtual Secundaria Desde la plataforma digital complementamos la enseñanza de los más grandes. acceder Escuela ECEM Por un sueño comienzan los grandes emprendimientos Durante la década del 70, motivado por la obra educativa cristiana, que se empezaba&hellip; <br /> <a class="button small blue" href="https://ecem.edu.ar/sitio/2020/12/25/hola-mundo/">Leer más</a></p>
